is divided by d?
6
Let h = -11 + 18. Suppose 2*t - h*t = -3*r + 1, 3*t - r + 3 = 0. Let k = t - -11. What is the remainder when 17 is divided by k?
8
Let j = -5 + -19. What is the remainder when 46 is divided by (j + 0)/(12/(-8))?
14
Let y = -29 + 89. Suppose -9 - y = -3*t. Let c = 21 - 8. Calculate the remainder when t is divided by c.
10
Suppose -13*f = -9*f - 28. Calculate the remainder when f is divided by (0 + 3*1)/1.
1
Let t be (-3)/(-1 - (-2)/5). Suppose t*y - 4*n = -10, -y - 2*n + 5*n - 13 = 0. Calculate the remainder when 34 is divided by (y + 0)/(4/18).
7
Suppose 5*t = 2*i - 93 - 63, -i + 75 = -t. Let o = -44 + i. Let u = o - 17. Calculate the remainder when 35 is divided by u.
11
Let i = 13 + -6. What is the remainder when i is divided by 4?
3
Let d(f) = -2*f**2 - 21*f + 12. What is the remainder when 153 is divided by d(-10)?
21
Suppose m = -2*m + 21. What is the remainder when 27 is divided by m?
6
Let t = -4 - -8. Let z(b) = 10 - t - 4*b**3 + 8*b + 5*b**3 + 9*b**2. What is the remainder when z(-8) is divided by 4?
2
Let z(w) = -w**2 + 11*w + 28. What is the remainder when z(11) is divided by 6?
4
Suppose 3*b + 349 - 999 = -v, 439 = 2*b - 5*v. What is the remainder when b is divided by 44?
41
Suppose -18 = -n - x, -n = -0*x + 5*x - 34. Let i = 24 + 0. Suppose -4*r = -7*r + i. Calculate the remainder when n is divided by r.
6
Calculate the remainder when 128/56 - 2/7 is divided by 2.
0
Suppose 0 = 3*a + 4*n + n - 278, -a + 5*n = -66. What is the remainder when a is divided by 9?
5
Let j(v) = -v**3 + 8*v**2 - 3*v + 4. Let n(r) be the first derivative of r**3/3 + r**2/2 - 3*r + 2. What is the remainder when j(7) is divided by n(4)?
15
Let b be (-12)/(-45)*3*-5. Let h = 18 + b. Calculate the remainder when 26 is divided by h.
12
Suppose 2*b = q + 8, 5*b - 9 = 2*q + 10. Let u(j) = -j**2 + 3*j - 1. Let a be u(2). Suppose a = s - 7. What is the remainder when s is divided by b?
2
Suppose 3*n - 1 - 5 = 0. Suppose 5*p - 4 = 1. What is the remainder when (p/n)/((-3)/(-294)) is divided by 17?
15
Let y = -7 + 14. Suppose -2*i = h - 18, 30 = h + 4*h - 2*i. What is the remainder when (-2)/(-4) + 148/h is divided by y?
5
Let s be -4*1*1/(-2). Suppose -x + 0*l + s*l = -8, -5*x = -3*l - 26. What is the remainder when 19 is divided by x?
3
Let w = 17 - 8. What is the remainder when 2/3*w - 1 is divided by 2?
1
Let r(s) = -2*s + 1. Let d(u) = 3*u - 1. Let o(m) = -3*d(m) - 4*r(m). Let x be o(-1). Suppose x = -l - 4*l + 245. What is the remainder when l is divided by 17?
15
Let w(a) = -a**2 - 3*a - 1. Let p be w(-3). Let o = p - -14. What is the remainder when 37 is divided by o?
11
Let m(o) = -22*o**2 + o - 1. Let c be m(1). Let l = c + 39. Let d = -8 + l. Calculate the remainder when 25 is divided by d.
7
Suppose 25 - 106 = -3*o. Suppose 2*x + 3*v = 60, -2*x - 5*v + 0*v + 68 = 0. Let w = x + -10. What is the remainder when o is divided by w?
13
Suppose 6*m - 71 = m + 2*b, -2*m + 5*b + 41 = 0. Calculate the remainder when 25 is divided by m.
12
Suppose -103 = 5*r + 4*h - 365, -2*h - 220 = -4*r. Calculate the remainder when r is divided by 14.
12
Let z(n) = n**3 + 3*n**2 + n + 1. Let u be z(-2). Let p(x) = -x**3 + 3*x**2 + 2. Let y be p(u). What is the remainder when 52/y + 0 + -1 is divided by 7?
4
Let c(w) = 7*w + 2. Calculate the remainder when c(5) is divided by 19.
18
Let g(x) be the second derivative of 0 - 20/3*x**3 + 1/2*x**2 + x. What is the remainder when g(-1) is divided by 14?
13
Suppose -3*b + 6 = -0*b. Suppose -4*x + 138 = -5*n - 21, -3*n - 79 = -b*x. What is the remainder when x is divided by 14?
13
What is the remainder when 30 is divided by (-1 - -2)/(10/80)?
6
Suppose -j = 5*o - 10, -11 = 4*o - 4*j + 5. Let p(w) = w. Calculate the remainder when p(6) is divided by 9/((-3)/(-1))*o.
0
Suppose -3*l + l + 4*h = 0, 5*l - 3*h - 7 = 0. Let x be 1 + 0 - (-8)/(-2). Let v(y) = 2*y**2 + 4*y - 1. What is the remainder when v(x) is divided by l?
1
Let u = -9 + 13. Calculate the remainder when 7 is divided by u.
3
Suppose 0*b + 4*b - 24 = 0. Let n = -12 + 28. Calculate the remainder when n is divided by b.
4
Suppose -4*f - w + 122 = 0, 67 = 4*f - w - 51. What is the remainder when f is divided by 11?
8
Let b = -8 - -24. What is the remainder when 27 is divided by b?
11
Suppose -4*n + 5*g + 59 = 0, g + 2*g + 9 = 0. Let y(v) = 2*v**2 + 6*v - 5. What is the remainder when y(-6) is divided by n?
9
Suppose 0 = -5*a + 5*v + 250, -254 = -5*a + 2*v + v. What is the remainder when a is divided by 14?
10
Let j = 14 - 0. Calculate the remainder when 39 is divided by j.
11
Suppose 2 + 2 = 2*n. Suppose 83 = n*h + 33. Calculate the remainder when h is divided by 7.
4
Let z = 1 + -1. Suppose -5*c + 5*m + 525 = z, 1 = -2*m + 3. Suppose -2*j = -2*b - 48, 4*j - 4*b + 2*b - c = 0. What is the remainder when j is divided by 10?
9
Suppose 0*w = 2*w - 4. Suppose w*g = -4*i + 66, i = -i + 2*g + 24. What is the remainder when i is divided by -2 - (19 + 1)/(-2)?
7
Suppose 0 = -0*p - p - 1. Let a(o) = -4*o - 1. Calculate the remainder when 5 is divided by a(p).
2
Let q(f) = -f**2 - 6*f + 7. What is the remainder when 31 is divided by q(-6)?
3
Let s be (-6)/(-15) - 46/(-10). Suppose s*a - 22 = 33. Calculate the remainder when 31 is divided by a.
9
Let h = -2 - -4. Let g(w) = -2*w + 9. Let d be g(6). Let u(n) = -n**3 - 4*n**2 - 5*n - 4. Calculate the remainder when h is divided by u(d).
0
Let l = 75 - 55. Calculate the remainder when 117 is divided by l.
17
Suppose 4*z - 15 = z. Suppose 3*b + 3*w = 57, 2*b - z*w - 41 = -b. Suppose 4 = -j + b. What is the remainder when 50 is divided by j?
11
Suppose m + 1 = 2. What is the remainder when 55/5 - m*-3 is divided by 5?
4
Suppose -78 + 2 = -4*g. Suppose -2*f + 33 = -g. Calculate the remainder when 102 is divided by f.
24
Suppose -4 = -2*f + 6. Suppose 2*j + 5 = -3*j + f*g, -5*g = -j - 13. Suppose 2*l - 3 - 16 = b, -4*b - 4 = -j*l. What is the remainder when 34 is divided by l?
10
Let k = 77 - 51. Calculate the remainder when k is divided by 9.
8
Suppose -o = 3*f + o - 34, 2*f = -o + 22. What is the remainder when f is divided by 3?
1
Suppose -5*a + 5 = -15. Let h = 264 + -259. Calculate the remainder when h is divided by a.
1
Suppose -2*b = 4*u - 26, -5*u = -3*b - b - 13. Let x = -5 + 23. Calculate the remainder when x is divided by ((-5)/(-3))/(b/18).
8
Suppose -3*a + 112 = f, -f + 6*f + 64 = a. What is the remainder when a is divided by (6/4)/(3/40)?
19
Let t = -17 - -27. Suppose g - a + 0 = 2, 3*g - a = t. What is the remainder when g is divided by 2?
0
Suppose 2*y - 2*r = -0*y + 4, 18 = 5*y - r. Let p = -58 - -88. Suppose p = 4*v - 2*v. What is the remainder when v is divided by y?
3
Let l = 46 + -32. What is the remainder when 41 is divided by l?
13
Suppose 1 = h + 5*p + 4, -2*p = -h + 18. Let b(o) = -o**3 - o + 35. Calculate the remainder when b(0) is divided by h.
11
Suppose -5*q = -6 - 4. Suppose 0 = -q*z - 2*z + y + 48, 0 = -3*y + 12. What is the remainder when z is divided by 5?
3
Let f = -7 + 13. Let y = -7 - -11. Let w = 15 - y. What is the remainder when w is divided by f?
5
Suppose 2*h + 30 = 7*h. Suppose 0*o + o = h. What is the remainder when 17 is divided by o?
5
Let q(n) = n**3 - 7*n**2 + 6*n + 3. Let s be q(6). Suppose -2*g - l + 10 = 2, g + 10 = s*l. What is the remainder when 5 is divided by g?
1
Suppose 8*h = 56 + 120. Let w(p) = -p**3 + 4*p**2 + p + 4. What is the remainder when h is divided by w(4)?
6
Suppose 2*q = -8*b + 3*b - 80, 3*b - 4*q + 48 = 0. Let p = 34 + b. Suppose 5*s - 57 - p = 0. What is the remainder when 44 is divided by s?
14
Suppose -3*p - 2*x = -9, -6*p + 4*p - 5*x + 17 = 0. Calculate the remainder when 28 is divided by (1 - -15)*1/p.
12
Let l = 22 + -9. Suppose -i + 18 = -5*t, 0 = 3*t + i - 3 + 9. Let s = 8 + t. Calculate the remainder when l is divided by s.
3
Let d = 26 + 0. Let o = 54 - d. What is the remainder when o is divided by 15?
13
Let p(q) = 18*q**3 + q**2 - q. Let h = 222 + -151. What is the remainder when h is divided by p(1)?
17
Suppose -24 = -5*w - 3*a + 47, -3*a = -4*w + 46. What is the remainder when 35 is divided by w?
9
Let z be (-14)/(-8) + (-5)/(-20). Suppose 3*v - 40 = z*v. What is the remainder when v is divided by 21?
19
Suppose 4*f = -2*o - f + 142, 2*o - 14